{"id":4640,"date":"2026-02-11T11:55:05","date_gmt":"2026-02-11T10:55:05","guid":{"rendered":"https:\/\/publishing-arts.de\/hausarzt-marbach-staging\/?page_id=4640"},"modified":"2026-04-04T00:08:07","modified_gmt":"2026-04-03T23:08:07","slug":"leistungen","status":"publish","type":"page","link":"https:\/\/publishing-arts.de\/hausarzt-marbach-staging\/leistungen\/","title":{"rendered":"Leistungen"},"content":{"rendered":"\t\t<div data-elementor-type=\"wp-page\" data-elementor-id=\"4640\" class=\"elementor elementor-4640\">\n\t\t\t\t<div class=\"elementor-element elementor-element-12b5e18 e-flex e-con-boxed e-con e-parent\" data-id=\"12b5e18\" data-element_type=\"container\" data-e-type=\"container\">\n\t\t\t\t\t<div class=\"e-con-inner\">\n\t\t<div class=\"elementor-element elementor-element-05f6a7d e-con-full e-flex e-con e-child\" data-id=\"05f6a7d\" data-element_type=\"container\" data-e-type=\"container\">\n\t\t\t\t<div class=\"elementor-element elementor-element-6fcf23f elementor-drop-cap-yes elementor-drop-cap-view-default elementor-widget elementor-widget-text-editor\" data-id=\"6fcf23f\" data-element_type=\"widget\" data-e-type=\"widget\" data-settings=\"{&quot;drop_cap&quot;:&quot;yes&quot;}\" data-widget_type=\"text-editor.default\">\n\t\t\t\t\t\t\t\t\t<div id=\"1900443754\" class=\"u_1900443754 dmRespRow dmSectionNoParallax\"><div id=\"1905569697\" class=\"dmRespColsWrapper\"><div id=\"1941386677\" class=\"dmRespCol small-12 medium-12 large-12\"><div><div><p>Unser Leistungsspektrum &#8211; Ihr Vorteil<\/p><\/div><\/div><\/div><\/div><\/div><div id=\"1529302394\" class=\"u_1529302394 dmRespRow\"><div id=\"1872690848\" class=\"dmRespColsWrapper\"><div id=\"1658832788\" class=\"u_1658832788 dmRespCol small-12 medium-12 large-12\" data-anim-desktop=\"fadeInUp\"><div id=\"1144088973\" class=\"u_1144088973 dmNewParagraph\"><div><div><p><strong>Ihre Gesundheit liegt uns sehr am Herzen.<\/strong><\/p><p>Als Haus\u00e4rzte ist uns das <strong>Allgemeinwohl<\/strong> unserer Patienten <strong>besonders wichtig<\/strong> &#8211; und Dr. Biehl ist zugleich <strong>zugelassener Arzt der &#8222;Inneren Medizin&#8220;.<\/strong><\/p><p>Unser Wissen und unsere Erfahrungen stellen wir ganz in den Dienst der Aufgabe Ihnen eine umfassende und hochwertige Medizin anzubieten.<\/p><p>Deshalb m\u00f6chten wir uns Ihrem gesundheitlichen Anliegen und Fragen widmen und Ihnen die optimalen Behandlungsm\u00f6glichkeiten und Behandlungsmethoden erl\u00e4utern und diese in ausf\u00fchrlichen Gespr\u00e4chen mit Ihren Bed\u00fcrfnissen abstimmen.<\/p><\/div><div><p>Der Leistungskatalog der gesetzlichen Krankenkassen sieht generell eine Therapie vor, die &#8222;ausreichend, zweckm\u00e4\u00dfig und wirtschaftlich&#8220; ist und dabei das &#8222;Ma\u00df des Notwendigen&#8220; nicht \u00fcbersteigt.<\/p><p>Dies bedeutet, dass nicht alles, was medizinisch m\u00f6glich und sinnvoll sowie \u00e4rztlich empfehlenswert w\u00e4re, unter den gegenw\u00e4rtigen gesetzlichen Bestimmungen als Kassenleistung angeboten werden kann.<\/p><p>Sie k\u00f6nnen in unserer Praxis einige solcher sinnvolen Gesundheitsleistungen erhalten. Sprechen Sie uns oder unsere Mitarbeiterinnen deswegen gern an.<\/p><\/div><\/div><\/div><\/div><\/div><\/div><div id=\"1774887851\" class=\"u_1774887851 dmRespRow\"><div id=\"1349112072\" class=\"dmRespColsWrapper\"><div id=\"1615977983\" class=\"u_1615977983 dmRespCol small-12 medium-12 large-12\" data-anim-desktop=\"fadeInUp\"><div><div>\u00a0<\/div><\/div><\/div><\/div><\/div><div id=\"1433534504\" class=\"u_1433534504 dmRespRow dmSectionParallaxNew skrollable skrollable-between\" data-anim-desktop=\"none\" data-center=\"background-position: 50% 0px;\" data-top-bottom=\"background-position: 50% -100px;\" data-bottom-top=\"background-position: 50% 100px;\"><div id=\"1034382880\" class=\"dmRespColsWrapper\"><div id=\"1452462506\" class=\"u_1452462506 dmRespCol small-12 medium-4 large-4\" data-anim-desktop=\"fadeInUp\"><div id=\"1133807552\" class=\"imageWidget align-center u_1133807552\" data-element-type=\"image\" data-widget-type=\"image\">\u00a0<\/div><\/div><div id=\"1590545074\" class=\"u_1590545074 dmRespCol small-12 medium-4 large-4\" data-anim-desktop=\"fadeInUp\"><div id=\"1210179307\" class=\"imageWidget align-center u_1210179307\" data-element-type=\"image\" data-widget-type=\"image\">\u00a0<\/div><\/div><div id=\"1888530419\" class=\"u_1888530419 dmRespCol small-12 medium-4 large-4\" data-anim-desktop=\"fadeInUp\"><div id=\"1730817180\" class=\"u_1730817180 imageWidget align-center\" data-element-type=\"image\" data-widget-type=\"image\">\u00a0<\/div><\/div><\/div><\/div>\t\t\t\t\t\t\t\t<\/div>\n\t\t\t\t<\/div>\n\t\t\t\t\t<\/div>\n\t\t\t\t<\/div>\n\t\t<div class=\"elementor-element elementor-element-4fbf18f e-flex e-con-boxed e-con e-parent\" data-id=\"4fbf18f\" data-element_type=\"container\" data-e-type=\"container\">\n\t\t\t\t\t<div class=\"e-con-inner\">\n\t\t\t\t<div class=\"elementor-element elementor-element-6e2784e elementor-widget elementor-widget-text-editor\" data-id=\"6e2784e\" data-element_type=\"widget\" data-e-type=\"widget\" data-widget_type=\"text-editor.default\">\n\t\t\t\t\t\t\t\t\t<div><p>Unsere modernen und freundlichen Untersuchungszimmer<\/p><\/div><p id=\"1056605184\" class=\"u_1056605184 dmNewParagraph\">&#8230; sollen Ihnen eine angenehme Atmosph\u00e4re vermitteln. Wir wollen, dass Sie sich in unserer Praxis wohlf\u00fchlen, weitere Modernisierungen sind geplant.<br \/>Wir freuen uns, Sie demn\u00e4chst mit weiteren Verbesserungen begr\u00fc\u00dfen zu d\u00fcrfen.<\/p>\t\t\t\t\t\t\t\t<\/div>\n\t\t\t\t\t<\/div>\n\t\t\t\t<\/div>\n\t\t<div class=\"elementor-element elementor-element-5eb5e2d e-flex e-con-boxed e-con e-parent\" data-id=\"5eb5e2d\" data-element_type=\"container\" data-e-type=\"container\">\n\t\t\t\t\t<div class=\"e-con-inner\">\n\t\t\t\t<div class=\"elementor-element elementor-element-1c678ec elementor-widget elementor-widget-text-editor\" data-id=\"1c678ec\" data-element_type=\"widget\" data-e-type=\"widget\" data-widget_type=\"text-editor.default\">\n\t\t\t\t\t\t\t\t\t<div id=\"1774887851\" class=\"u_1774887851 dmRespRow\" style=\"font-size: 16px; font-style: normal; border-style: solid; border-color: #333333; max-width: 100%; -webkit-font-smoothing: antialiased; background-color: #ffffff; text-align: center; font-family: Roboto, 'Roboto Fallback'; font-variant-ligatures: normal; padding: 9.5px 40px !important; position: relative !important; width: auto !important; float: none !important; top: 0px !important; left: 0px !important; height: auto !important; min-width: 0px !important;\"><div id=\"1349112072\" class=\"dmRespColsWrapper\" style=\"border-style: solid; border-color: #333333; -webkit-font-smoothing: antialiased; max-width: 960px; position: relative; margin-right: auto; margin-left: auto; width: 960px; display: flex;\"><div id=\"1615977983\" class=\"u_1615977983 dmRespCol small-12 medium-12 large-12\" style=\"border-style: solid; border-color: #333333; -webkit-font-smoothing: antialiased; position: relative; width: 960px; display: inline-block; vertical-align: top; float: left; font-size: 16px; visibility: visible !important;\" data-anim-desktop=\"fadeInUp\"><div style=\"border-style: solid; border-color: #333333; -webkit-font-smoothing: antialiased; line-height: initial; text-align: center;\"><div style=\"border-style: solid; border-color: #333333; -webkit-font-smoothing: antialiased; line-height: initial;\">Unsere modernen und freundlichen Untersuchungszimmer<\/div><\/div><div id=\"1056605184\" class=\"u_1056605184 dmNewParagraph\" style=\"border-style: solid; border-color: #333333; -webkit-font-smoothing: antialiased; line-height: 24px; transition: none; text-align: left !important; margin: 8px auto !important; padding-top: 2px !important; padding-bottom: 2px !important; max-width: calc(100% - 76px) !important; float: none !important; top: 0px !important; left: 0px !important; width: 808px !important; position: relative !important; height: auto !important; min-width: 25px !important;\">&#8230; sollen Ihnen eine angenehme Atmosph\u00e4re vermitteln. Wir wollen, dass Sie sich in unserer Praxis wohlf\u00fchlen, weitere Modernisierungen sind geplant.<br style=\"border: 0px solid #333333; -webkit-font-smoothing: antialiased;\" \/>Wir freuen uns, Sie demn\u00e4chst mit weiteren Verbesserungen begr\u00fc\u00dfen zu d\u00fcrfen.<\/div><\/div><\/div><\/div><div id=\"1433534504\" class=\"u_1433534504 dmRespRow dmSectionParallaxNew skrollable skrollable-between\" style=\"font-size: 16px; font-style: normal; border-color: #333333; max-width: 100%; -webkit-font-smoothing: antialiased; background-color: #ffffff; text-align: center; font-family: Roboto, 'Roboto Fallback'; font-variant-ligatures: normal; background-position: 50% 19.0554px; padding: 18.5px 20px !important; position: relative !important; width: auto !important; background-repeat: no-repeat !important; background-image: none !important; float: none !important; top: 0px !important; left: 0px !important; height: auto !important; min-width: 0px !important; background-attachment: fixed !important; background-size: cover !important; visibility: visible !important; border-style: solid !important solid solid solid;\" data-anim-desktop=\"none\" data-center=\"background-position: 50% 0px;\" data-top-bottom=\"background-position: 50% -100px;\" data-bottom-top=\"background-position: 50% 100px;\"><div id=\"1034382880\" class=\"dmRespColsWrapper\" style=\"border-style: solid; border-color: #333333; -webkit-font-smoothing: antialiased; max-width: 960px; position: relative; margin-right: auto; margin-left: auto; width: 960px; display: flex;\"><div id=\"1452462506\" class=\"u_1452462506 dmRespCol small-12 medium-4 large-4\" style=\"border-style: solid; border-color: #333333; -webkit-font-smoothing: antialiased; position: relative; width: 319.984px; display: inline-block; vertical-align: top; float: left; font-size: 16px; padding-left: 10px !important; padding-right: 10px !important; visibility: visible !important;\" data-anim-desktop=\"fadeInUp\"><div id=\"1133807552\" class=\"imageWidget align-center u_1133807552\" style=\"border-style: solid; border-color: #333333; margin-left: auto; margin-right: auto; position: relative; -webkit-font-smoothing: antialiased; max-width: 100%; display: inline-block; line-height: normal;\" data-element-type=\"image\" data-widget-type=\"image\"><a id=\"1224589071\" style=\"border-style: solid; border-color: #333333; vertical-align: inherit; -webkit-font-smoothing: antialiased; font-style: italic; color: #463939; outline-color: currentcolor; outline-style: none;\"><\/a><img decoding=\"async\" id=\"1910015398\" class=\"\" style=\"border-width: medium; border-style: none; display: inline-block; vertical-align: top; -webkit-font-smoothing: antialiased; width: 224px;\" src=\"https:\/\/lirp.cdn-website.com\/c1f7fbae\/import\/clib\/hausarzt-marbach_de\/dms3rep\/multi\/opt\/DSC_0059__c.433.0.3699.2832__224-224x194-1920w.JPG\" data-dm-image-path=\"https:\/\/irp-cdn.multiscreensite.com\/c1f7fbae\/import\/clib\/hausarzt-marbach_de\/dms3rep\/multi\/DSC_0059__c.433.0.3699.2832__224-224x194.JPG\" \/><\/div><div style=\"border-style: solid; border-color: #333333; -webkit-font-smoothing: antialiased; line-height: initial;\">Zimmer 2<\/div><\/div><div id=\"1590545074\" class=\"u_1590545074 dmRespCol small-12 medium-4 large-4\" style=\"border-style: solid; border-color: #333333; -webkit-font-smoothing: antialiased; position: relative; width: 319.984px; display: inline-block; vertical-align: top; float: left; font-size: 16px; padding-left: 10px !important; padding-right: 10px !important; visibility: visible !important;\" data-anim-desktop=\"fadeInUp\"><div id=\"1210179307\" class=\"imageWidget align-center u_1210179307\" style=\"border-style: solid; border-color: #333333; margin-left: auto; margin-right: auto; position: relative; -webkit-font-smoothing: antialiased; max-width: 100%; display: inline-block; line-height: normal;\" data-element-type=\"image\" data-widget-type=\"image\"><a id=\"1576541594\" style=\"border-style: solid; border-color: #333333; vertical-align: inherit; -webkit-font-smoothing: antialiased; font-style: italic; color: #463939; outline-color: currentcolor; outline-style: none;\"><\/a><img decoding=\"async\" id=\"1732024233\" class=\"\" style=\"border-width: medium; border-style: none; display: inline-block; vertical-align: top; -webkit-font-smoothing: antialiased; width: 224px;\" src=\"https:\/\/lirp.cdn-website.com\/c1f7fbae\/import\/clib\/hausarzt-marbach_de\/dms3rep\/multi\/opt\/DSC_0052__c.464.16.3683.2832__224-224x195-1920w.JPG\" data-dm-image-path=\"https:\/\/irp-cdn.multiscreensite.com\/c1f7fbae\/import\/clib\/hausarzt-marbach_de\/dms3rep\/multi\/DSC_0052__c.464.16.3683.2832__224-224x195.JPG\" \/><\/div><div style=\"border-style: solid; border-color: #333333; -webkit-font-smoothing: antialiased; line-height: initial;\">Zimmer 3<\/div><\/div><div id=\"1888530419\" class=\"u_1888530419 dmRespCol small-12 medium-4 large-4\" style=\"border-style: solid; border-color: #333333; -webkit-font-smoothing: antialiased; position: relative; width: 319.984px; display: inline-block; vertical-align: top; float: left; font-size: 16px; padding-left: 10px !important; padding-right: 10px !important; visibility: visible !important;\" data-anim-desktop=\"fadeInUp\"><div id=\"1730817180\" class=\"u_1730817180 imageWidget align-center\" style=\"border-style: solid; border-color: #333333; -webkit-font-smoothing: antialiased; display: inline-block; line-height: normal; margin-right: auto !important; margin-left: auto !important; position: relative !important; max-width: 202px !important; float: none !important; top: 0px !important; left: 0px !important; width: calc(100% + 0px) !important; height: auto !important; min-width: 25px !important;\" data-element-type=\"image\" data-widget-type=\"image\"><a id=\"1430818073\" style=\"border-style: solid; border-color: #333333; vertical-align: inherit; -webkit-font-smoothing: antialiased; font-style: italic; color: #463939; outline-color: currentcolor; outline-style: none;\"><\/a><img decoding=\"async\" id=\"1938193799\" class=\"\" style=\"border-width: medium; border-style: none; display: inline-block; vertical-align: top; -webkit-font-smoothing: antialiased; width: 202px;\" src=\"https:\/\/lirp.cdn-website.com\/c1f7fbae\/import\/clib\/hausarzt-marbach_de\/dms3rep\/multi\/opt\/DSC_0043__c.0.532.2832.3309__219-219x214-1920w.JPG\" data-dm-image-path=\"https:\/\/irp-cdn.multiscreensite.com\/c1f7fbae\/import\/clib\/hausarzt-marbach_de\/dms3rep\/multi\/DSC_0043__c.0.532.2832.3309__219-219x214.JPG\" \/><\/div><div style=\"border-style: solid; border-color: #333333; -webkit-font-smoothing: antialiased; line-height: initial;\">Zimmer 5<\/div><\/div><\/div><\/div>\t\t\t\t\t\t\t\t<\/div>\n\t\t\t\t\t<\/div>\n\t\t\t\t<\/div>\n\t\t\t\t<\/div>\n\t\t","protected":false},"excerpt":{"rendered":"<p>Unser Leistungsspektrum &#8211; Ihr Vorteil Ihre Gesundheit liegt uns sehr am Herzen. Als Haus\u00e4rzte ist uns das Allgemeinwohl unserer Patienten besonders wichtig &#8211; und Dr. Biehl ist zugleich zugelassener Arzt der &#8222;Inneren Medizin&#8220;. Unser Wissen und unsere Erfahrungen stellen wir ganz in den Dienst der Aufgabe Ihnen eine umfassende und hochwertige Medizin anzubieten. Deshalb m\u00f6chten<\/p>\n","protected":false},"author":1,"featured_media":0,"parent":0,"menu_order":0,"comment_status":"closed","ping_status":"closed","template":"","meta":{"pagelayer_contact_templates":[],"_pagelayer_content":"","footnotes":""},"class_list":["post-4640","page","type-page","status-publish","hentry"],"_links":{"self":[{"href":"https:\/\/publishing-arts.de\/hausarzt-marbach-staging\/wp-json\/wp\/v2\/pages\/4640","targetHints":{"allow":["GET"]}}],"collection":[{"href":"https:\/\/publishing-arts.de\/hausarzt-marbach-staging\/wp-json\/wp\/v2\/pages"}],"about":[{"href":"https:\/\/publishing-arts.de\/hausarzt-marbach-staging\/wp-json\/wp\/v2\/types\/page"}],"author":[{"embeddable":true,"href":"https:\/\/publishing-arts.de\/hausarzt-marbach-staging\/wp-json\/wp\/v2\/users\/1"}],"replies":[{"embeddable":true,"href":"https:\/\/publishing-arts.de\/hausarzt-marbach-staging\/wp-json\/wp\/v2\/comments?post=4640"}],"version-history":[{"count":36,"href":"https:\/\/publishing-arts.de\/hausarzt-marbach-staging\/wp-json\/wp\/v2\/pages\/4640\/revisions"}],"predecessor-version":[{"id":5217,"href":"https:\/\/publishing-arts.de\/hausarzt-marbach-staging\/wp-json\/wp\/v2\/pages\/4640\/revisions\/5217"}],"wp:attachment":[{"href":"https:\/\/publishing-arts.de\/hausarzt-marbach-staging\/wp-json\/wp\/v2\/media?parent=4640"}],"curies":[{"name":"wp","href":"https:\/\/api.w.org\/{rel}","templated":true}]}}